nits digit of r?
2
Suppose 976 = c + 2*n, -2599 = -3*c - 3*n + 335. What is the tens digit of c?
8
Let h(m) = -8*m + 210. What is the units digit of h(-34)?
2
Let h(m) = -m**3 - 4 - m - 2*m**2 + 0*m**3 - 6*m**2 - 4*m. Let i be h(-8). Suppose 98 = 2*u - 4*w + 14, u = 4*w + i. What is the tens digit of u?
4
Suppose 2*o = 9 - 9. Suppose 8*m - 1331 + 11 = o. What is the tens digit of m?
6
Let z = 6626 - 4257. What is the units digit of z?
9
Let j(a) = a**2 + a - 10. Let w be j(-6). What is the tens digit of w*4 + ((-21)/3 - -4)?
7
Let p be (4/(-6))/((-2)/84). Let a = 3 - 0. What is the units digit of p/a - 3/9?
9
Let f be (5 - -1)*(-9)/(-6). Suppose h - 2*h = f. What is the tens digit of (h + -12)/(-1*1)?
2
Suppose 42*u = 43*u - 139. What is the units digit of u?
9
Let l(x) = -x + 1. Let a be l(-1). Suppose 462 = 4*m + a*p, 3*p = -5 + 2. What is the units digit of m?
6
Let z = -9 + 34. Suppose -5*m - z = 0, 2*x + m = 5*m + 144. What is the units digit of x?
2
Let y be 126/45 + 1/5. Suppose -2*o - y*h + 424 = 61, 0 = 4*o - h - 719. Suppose 0 = -u + 5*u + 5*k - 185, 4*k + o = 5*u. What is the units digit of u?
0
Let o(m) = 3*m**2 - 62*m - 111. What is the units digit of o(30)?
9
Suppose -9*k = 102 + 78. Let w(m) = m**2 + 9*m + 14. What is the hundreds digit of w(k)?
2
Suppose -2*i - 15 = 3*a + i, -5*i = -3*a + 9. Let v = 18 - a. Suppose -w + 6*w = v. What is the units digit of w?
4
Suppose -h + 8 = 2. Suppose 0 = 2*m + o + 12, 2*m + h = m - 2*o. Let p = m - -29. What is the tens digit of p?
2
Suppose 7*v + 4*j - 869 = 4*v, -2*v + 606 = -4*j. What is the units digit of v?
5
Suppose -35*p + 3653 = -22*p. What is the units digit of p?
1
Suppose 0 = n + 4*i - 0 + 5, 5*n - 3*i = 90. Suppose -11*f = -n*f + 64. Suppose c - f = 5. What is the units digit of c?
1
Suppose 0 = -4*g - 16, -2*o = 2*o - g - 88. Let s(n) = -8*n + 9*n + o*n + 5*n. What is the units digit of s(1)?
7
Let j(i) be the first derivative of i**3/3 + 2*i**2 - 14*i + 6. Let d be j(-7). What is the units digit of (-191)/(-7) - 2/d?
7
Let t be 150/(-39) - (-8)/(-52). Let u = t + 4. Suppose u = -2*i - h + 43, 0 = -0*i + 5*i - 3*h - 113. What is the tens digit of i?
2
Suppose 98 = -4*d + 5*r - 1178, 5*d = r - 1574. Let j = d - -559. What is the hundreds digit of j?
2
Let w = 5 + 1. What is the units digit of ((-805)/(-50) + (-6)/10)*w?
3
Let f(y) = y**3 + 27*y**2 - 16*y - 32. What is the units digit of f(-19)?
0
Suppose 0 = 4*u + 2*u - 30. Suppose -4*r = 5*l - 77, -l + 58 = 2*r - u*l. What is the tens digit of r?
2
Let c be (-568)/(-3) - 3/9. Let z = 18 + c. What is the units digit of z?
7
Let b = 4 - -14. Suppose -7*a = -5*a - b. Suppose -7*x = -a*x + 20. What is the tens digit of x?
1
Let b = 16 + -13. Let d(r) = r**2 - r - 3 + 3*r + 6*r**b - 1 + 5. What is the units digit of d(2)?
7
Suppose 0 = 7*d - 638 - 468. What is the tens digit of d?
5
Let h(p) = p**3 + 4*p**2 - p - 1. Suppose -2*g = -q + 10, -5*g - 29 = 2*q - 13. Let r be h(g). Suppose 12 + 24 = r*v. What is the units digit of v?
2
Suppose -16 = 2*x - 0. Suppose -11*q + 3491 + 3329 = 0. What is the units digit of (4/(-10))/(x/q)?
1
Suppose 3*n - 4*p + 846 = 0, -p + 4*p - 1399 = 5*n. Let u = n - -549. What is the hundreds digit of u?
2
Suppose z + 15*k - 17*k = 1884, 2*k - 5620 = -3*z. What is the thousands digit of z?
1
Suppose 9*l - 5 + 5 = 0. Suppose l = 2*a + 27 - 147. What is the units digit of a?
0
Let w be ((-9)/(-18))/((-2)/4). What is the units digit of 4/(-2) + (-27)/w?
5
Let v be 6/((84/(-8))/7). Let o be ((-6)/v)/((-1)/(-88)). What is the tens digit of o*1*9/27?
4
Let z(t) = 53*t**3 - 2*t**2 + t + 1. What is the hundreds digit of z(2)?
4
Suppose 3*b = -b, 0 = 5*v - 3*b - 280. Suppose p - 4*d = -2*p - 116, p = -3*d - v. Let a = 83 + p. What is the tens digit of a?
3
Let i = 108 + -51. Suppose 343 = 5*g - i. What is the tens digit of g?
8
Suppose 4*n - q - 8494 = 0, -2*n + 2*q - 5*q + 4254 = 0. What is the tens digit of n?
2
Suppose -3*w - 5*z - 7 = 5, 33 = -4*w - z. Let m be 0 - -1 - (w + 8). Suppose -5*h + 75 + 47 = -3*q, m*q - 58 = -3*h. What is the tens digit of h?
2
Let u be (0 - 2)/(22/99)*-3. Suppose u*i = 26*i + 115. What is the hundreds digit of i?
1
What is the tens digit of 3 + -8 + 836 - -6?
3
Let i = 8 + 2. Let k be (16/i)/((-12)/(-390)). Suppose 0 = -3*j + j + k. What is the units digit of j?
6
Let v = -83 - -1010. What is the units digit of v?
7
Suppose 24470 = 72*p - 62*p. What is the tens digit of p?
4
Let d be ((-18)/(-4))/(-3)*40/(-2). Suppose -2*c + 5*z + 64 = 3*z, 2*z + d = c. What is the units digit of c?
4
Let r(n) = 15*n - 17. Let o be r(10). Suppose 0 = -i + o - 8. What is the hundreds digit of i?
1
Let n(u) = 1. Let a(d) = -d - 2. Let j(i) = -a(i) - 3*n(i). Let k be j(3). Suppose -4*x + 38 = -k*x. What is the units digit of x?
9
Let u be (4 - (3 - (1 + -2)))/(-3). Suppose -7*l + 108 + 130 = u. What is the units digit of l?
4
Suppose -a + 3*o = -20, 2*o - 55 - 25 = -4*a. Suppose -2*r + 62 = -a. What is the tens digit of r?
4
Suppose 0*p + 3*p - p = 0. Let t = -1 - -1. Suppose 5*w + 4*m - 81 = t, 2*w - 3*m + 15 - 52 = p. What is the tens digit of w?
1
What is the units digit of (-645)/(-86)*(966/10 + 1)?
2
Suppose 0 = -4*s + 298 + 470. What is the tens digit of s?
9
Suppose -103*l = -87*l - 28192. What is the thousands digit of l?
1
What is the hundreds digit of (-60)/(-690) - (-127646)/46?
7
Let h(c) = c**2 - 12*c - 8. Let y be h(13). Suppose -4*d = d + y*b - 780, 0 = -d - 2*b + 157. What is the tens digit of d?
5
Let v(l) = 9*l**2 - 31*l - 7. What is the hundreds digit of v(-7)?
6
Let y be ((-52)/12 - -4)*1*237. What is the tens digit of y/(3*-1*2/6)?
7
What is the thousands digit of 1139 - (5 + 6*(-2)/4)?
1
Suppose -5984 = 14*u - 67752. What is the hundreds digit of u?
4
What is the tens digit of (-9)/30 - 113488/(-160)?
0
Let u = 1236 + -375. What is the tens digit of u?
6
Suppose 10*g - 2268 = 4*g. Suppose -2*v = -5*d - 3*v + g, -4*d = 3*v - 298. What is the units digit of d?
6
What is the units digit of (-2 - -3)/(8/3768)?
1
Let z(x) = -16*x**3 - x**2 - x + 1. Let p be z(1). Let a be p/51*(-30 + 0). Suppose -a*y = -9*y - 30. What is the tens digit of y?
3
Let f(a) = -a - 11. Let j = -13 - -16. Let w(i) = -2*i**2 + 4*i - 7. Let x be w(j). What is the units digit of f(x)?
2
Suppose -56 = -0*w - w. Let v = -517 + 481. Let x = v + w. What is the units digit of x?
0
Let c(j) = -10*j + 8 + 10 + 13*j**2 - 4*j - j**3 - 6. Let i be c(12). Let h(r) = -3*r + 9. What is the units digit of h(i)?
5
Let j(p) = 12*p**3 - 19*p**2 + 43*p - 5. What is the hundreds digit of j(2)?
1
Let c(m) = m**3 + 5*m**2 - 8*m - 2. Let h be c(-6). Let r(f) = 2*f - 2. Let k be r(5). What is the units digit of k*(-5)/(h/(-3))?
2
Let h be 11/((-33)/12)*-26. Suppose -38 = -3*i - 5*q + 50, 0 = 3*i + q - h. What is the tens digit of i?
3
Suppose 23192 = 61*z - 17861. What is the hundreds digit of z?
6
Suppose 5*h - 1201 = -21. What is the hundreds digit of h?
2
Let u = 2344 + -1244. What is the hundreds digit of u?
1
Suppose 2*h = 9*c - 12*c + 210, 3*c + 525 = 5*h. What is the hundreds digit of h?
1
Suppose 121748 = -3*o + 47*o. What is the units digit of o?
7
Suppose -3*v = -p - 6*v + 36, p = 3*v + 60. What is the tens digit of p?
4
Let y be 0/(-1 - (-6)/2). Suppose -84 = -2*d - y*d. Suppose 3*b = b + d. What is the tens digit of b?
2
Let y(o) = -7*o. Let j be y(-5). Let m = 35 - j. Suppose m = 7*g - 331 - 61. What is the units digit of g?
6
Let l(t) = t**3 + 5*t**2 + 6*t + 2. What is the units digit of l(4)?
0
Let d be (-7)/7*(0 - 0). Suppose 3*b - t - 218 = -31, d = 2*t + 8. What is the units digit of b?
1
Let t(o) = -3 + 15 + 22*o + 6*o. What is the units digit of t(3)?
6
Let o(k) = 7*k - 44. What is the tens digit of o(11)?
3
Let s(l) = 4*l - 10. Let y be s(5). What is the units digit of (y - (-3 + 3)) + 4?
4
Let f(w) = 44*w + 29. Let z be f(-9). Let o = -236 - z. What is the units digit of o?
1
Let g = 21 + -16. Suppose j = -2 + g. What is the units digit of j?
3
Let n = 384 + -142. What is the hundreds digit of n?
2
Suppose 68 = -9*p + 3434. What is the tens digit of p?
7
Let w = 1541 - -977. What is the hundreds digit of w?
5
Suppose -4*h - 1757 = -3*u, u - 586 = -4*h + 5*h. What is the units digit of u?
7
Let m be (-72)/36